 when 193 is divided by 112?
81
Calculate the remainder when 268 is divided by 90.
88
Calculate the remainder when 897 is divided by 281.
54
Calculate the remainder when 2437 is divided by 85.
57
Calculate the remainder when 126 is divided by 45.
36
Calculate the remainder when 89 is divided by 12.
5
What is the remainder when 1161 is divided by 97?
94
Calculate the remainder when 97 is divided by 42.
13
What is the remainder when 89 is divided by 30?
29
What is the remainder when 284 is divided by 14?
4
Calculate the remainder when 72 is divided by 11.
6
Calculate the remainder when 85 is divided by 72.
13
Calculate the remainder when 657 is divided by 15.
12
Calculate the remainder when 287 is divided by 48.
47
Calculate the remainder when 4070 is divided by 59.
58
What is the remainder when 2292 is divided by 745?
57
Calculate the remainder when 2516 is divided by 510.
476
Calculate the remainder when 201 is divided by 37.
16
Calculate the remainder when 140 is divided by 21.
14
What is the remainder when 44 is divided by 12?
8
What is the remainder when 306 is divided by 267?
39
Calculate the remainder when 25 is divided by 15.
10
Calculate the remainder when 9762 is divided by 132.
126
Calculate the remainder when 3283 is divided by 40.
3
What is the remainder when 143 is divided by 31?
19
What is the remainder when 493 is divided by 64?
45
What is the remainder when 620 is divided by 86?
18
What is the remainder when 2013 is divided by 295?
243
What is the remainder when 259 is divided by 66?
61
What is the remainder when 12471 is divided by 189?
186
Calculate the remainder when 416 is divided by 103.
4
Calculate the remainder when 1498 is divided by 30.
28
What is the remainder when 427 is divided by 411?
16
Calculate the remainder when 1377 is divided by 4.
1
What is the remainder when 230 is divided by 67?
29
What is the remainder when 283 is divided by 59?
47
What is the remainder when 336 is divided by 38?
32
Calculate the remainder when 2107 is divided by 124.
123
Calculate the remainder when 131 is divided by 20.
11
What is the remainder when 602 is divided by 158?
128
What is the remainder when 671 is divided by 37?
5
What is the remainder when 27359 is divided by 72?
71
What is the remainder when 498 is divided by 157?
27
Calculate the remainder when 255 is divided by 19.
8
What is the remainder when 95 is divided by 46?
3
What is the remainder when 742 is divided by 62?
60
What is the remainder when 46 is divided by 13?
7
Calculate the remainder when 628 is divided by 30.
28
Calculate the remainder when 1374 is divided by 86.
84
What is the remainder when 286 is divided by 72?
70
What is the remainder when 136 is divided by 46?
44
What is the remainder when 89 is divided by 32?
25
What is the remainder when 16189 is divided by 32?
29
What is the remainder when 37 is divided by 7?
2
Calculate the remainder when 7206 is divided by 5.
1
What is the remainder when 1724 is divided by 568?
20
Calculate the remainder when 4900 is divided by 86.
84
Calculate the remainder when 96 is divided by 5.
1
Calculate the remainder when 7877 is divided by 13.
12
What is the remainder when 76 is divided by 51?
25
What is the remainder when 57 is divided by 14?
1
What is the remainder when 111 is divided by 38?
35
What is the remainder when 2867 is divided by 238?
11
What is the remainder when 6539 is divided by 218?
217
Calculate the remainder when 15078 is divided by 321.
312
Calculate the remainder when 42 is divided by 8.
2
Calculate the remainder when 511 is divided by 277.
234
Calculate the remainder when 3151 is divided by 3139.
12
What is the remainder when 40 is divided by 7?
5
What is the remainder when 2606 is divided by 82?
64
What is the remainder when 3 is divided by 2?
1
What is the remainder when 167 is divided by 24?
23
Calculate the remainder when 2118 is divided by 8.
6
What is the remainder when 210 is divided by 53?
51
Calculate the remainder when 4879 is divided by 19.
15
Calculate the remainder when 90 is divided by 13.
12
Calculate the remainder when 270 is divided by 126.
18
Calculate the remainder when 364 is divided by 128.
108
What is the remainder when 204 is divided by 43?
32
Calculate the remainder when 40 is divided by 36.
4
What is the remainder when 182 is divided by 31?
27
Calculate the remainder when 489 is divided by 225.
39
What is the remainder when 497 is divided by 81?
11
Calculate the remainder when 2698 is divided by 8.
2
What is the remainder when 449 is divided by 145?
14
Calculate the remainder when 1152 is divided by 10.
2
What is the remainder when 16235 is divided by 5407?
14
Calculate the remainder when 705 is divided by 180.
165
What is the remainder when 22 is divided by 5?
2
Calculate the remainder when 154 is divided by 23.
16
Calculate the remainder when 67 is divided by 37.
30
What is the remainder when 81 is divided by 74?
7
Calculate the remainder when 445 is divided by 221.
3
What is the remainder when 190 is divided by 48?
46
What is the remainder when 198 is divided by 25?
23
What is the remainder when 31 is divided by 5?
1
Calculate the remainder when 1086 is divided by 45.
6
What is the remainder when 93 is divided by 20?
13
What is the remainder when 668 is divided by 28?
24
What is the remainder when 245 is divided by 101?
43
What is the remainder when 1161 is divided by 59?
40
What is the remainder when 369 is divided by 31?
28
Calculate the remainder when 250 is divided by 122.
6
What is the remainder when 792 is divided by 279?
234
What is the remainder when 266 is divided by 49?
21
Calculate the remainder when 528 is divided by 30.
18
What is the remainder when 2032 is divided by 291?
286
What is the remainder when 182 is divided by 31?
27
Calculate the remainder when 509 is divided by 121.
25
What is the remainder when 4441 is divided by 278?
271
Calculate the remainder when 128 is divided by 65.
63
What is the remainder when 67 is divided by 23?
21
Calculate the remainder when 115 is divided by 34.
13
What is the remainder when 122 is divided by 25?
22
What is the remainder when 678 is divided by 223?
9
What is the remainder when 697 is divided by 140?
137
What is the remainder when 72 is divided by 30?
12
Calculate the remainder when 527 is divided by 6.
5
What is the remainder when 304 is divided by 26?
18
Calculate the remainder when 1280 is divided by 30.
20
Calculate the remainder when 338 is divided by 19.
15
Calculate the remainder when 98 is divided by 38.
22
Calculate the remainder when 28 is divided by 15.
13
What is the remainder when 800 is divided by 26?
20
Calculate the remainder when 126 is divided by 28.
14
Calculate the remainder when 703 is divided by 8.
7
What is the remainder when 6313 is divided by 29?
20
Calculate the remainder when 622 is divided by 92.
70
What is the remainder when 1036 is divided by 141?
49
Calculate the remainder when 935 is divided by 94.
89
What is the remainder when 600 is divided by 31?
11
What is the remainder when 538 is divided by 32?
26
Calculate the remainder when 16379 is divided by 234.
233
What is the remainder when 82 is divided by 15?
7
What is the remainder when 363 is divided by 46?
41
Calculate the remainder when 3887 is divided by 16.
15
Calculate the remainder when 8224 is divided by 175.
174
What is the remainder when 273 is divided by 229?
44
What is the remainder when 1166 is divided by 7?
4
Calculate the remainder when 752 is divided by 46.
16
Calculate the remainder when 19600 is divided by 297.
295
What is the remainder when 2986 is divided by 103?
102
Calculate the remainder when 670 is divided by 327.
16
Calculate the remainder when 2344 is divided by 585.
4
What is the remainder when 4696 is divided by 127?
124
What is the remainder when 677 is divided by 11?
6
What is the remainder when 895 is divided by 360?
175
Calculate the remainder when 206 is divided by 70.
66
Calculate the remainder when 33 is divided by 11.
0
What is the remainder when 25 is divided by 3?
1
What is the remainder when 688 is divided by 15?
13
Calculate the remainder when 3158 is divided by 117.
116
Calculate the remainder when 126 is divided by 66.
60
Calculate the remainder when 1277 is divided by 39.
29
Calculate the remainder